2 - 10*i + 2. Suppose s - 8 = -2*q, -6 = -3*q - 4*s + s. Let x(w) = q*n(w) + d(w). What is x(5)?
7
Let i(n) be the third derivative of -n**4/8 + 5*n**3/3 - 94*n**2. What is i(6)?
-8
Let t(p) be the third derivative of 35*p**2 + 0 - 1/60*p**5 + 1/8*p**4 + 0*p**3 + 0*p. What is t(3)?
0
Let k(u) be the second derivative of u**4/3 + u**3/2 - 2*u. Let p(r) = 6*r - 248. Let h be p(41). What is k(h)?
10
Suppose -r = 4 - 7. Let g(d) = -r*d - 4*d + 2*d + d. What is g(2)?
-8
Suppose 0*w = 2*w. Suppose w = -2*u + 3*u - 10. Let q(v) = -v**3 + 11*v**2 - 8*v - 12. Calculate q(u).
8
Let m(l) = -528*l + 268*l + 12 + 261*l. What is m(4)?
16
Let f(t) = 2*t - 3*t + 92 - 185 + 91. Calculate f(2).
-4
Let l(k) = 2*k**2 - 3*k + 4*k**2 - 5*k**2 + 13 - 8. What is l(0)?
5
Let i(h) = 8*h - 1. Let r(v) = -3*v. Let w(f) = -4*i(f) - 11*r(f). Let u = -4953 - -4949. What is w(u)?
0
Let o(i) = -i**2 - 7*i - 5. Let g = 42 + -29. Let f(r) = -r**2 + 11*r + 20. Let y be f(g). Determine o(y).
1
Let x(n) = 8*n - 27. Let u(v) = 9*v - 30. Let c(h) = -5*u(h) + 6*x(h). Suppose 0 = 5*o + 16 - 56. Calculate c(o).
12
Let s(o) = 52*o + 35*o + 15 - 88*o. Give s(5).
10
Let v(b) = -b**2 + 16*b - 41. Suppose -52 = 14*c - 18*c. Give v(c).
-2
Let x be (-2 + -1 - -25) + 1. Let d = x + -25. Let f(m) = -4*m**2 - 3*m - 1. Calculate f(d).
-11
Let x be -8 + 0 + 1*-1. Let u(a) = -a**2 - 3*a. Let b(w) = -2*w**2 - 7*w. Let v(s) = x*u(s) + 4*b(s). Let y(m) = m**2 + m - 2. Let g be y(-2). Give v(g).
0
Let m(a) = -a**3 - 16*a**2 + 14*a - 46. Let x be m(-17). Let l(p) = 2*p**2 - 3*p + 1. Give l(x).
36
Let r(d) = 6*d**2 - 14*d + 21. Let n(y) = -2*y**2 + 5*y - 7. Let l(g) = -11*n(g) - 4*r(g). Let c(a) = a**2 + 6. Let i(z) = 3*c(z) + 2*l(z). Determine i(3).
1
Let a(o) = -3*o**2 + o - 1. Let c(v) = v**2 + 6*v - 10. Let k be c(-7). Let s be (-33)/(-22)*(-1 - k). Determine a(s).
-25
Suppose -4*h + 7 = t, -4*t + h = 3*h + 14. Let z = -28 + 38. Let m = t + z. Let q(x) = x**3 - 6*x**2 + 4*x + 1. What is q(m)?
-4
Let w be (-136)/16*(2 + 0). Suppose -x = -0*x, -u = -2*x - 21. Let m = u + w. Let h(q) = q**2 - 4*q - 1. Calculate h(m).
-1
Let g(x) = 7*x**3 + x**2 - 2*x - 7. Let c be 11 + -5 + -2 + 2. Let w(k) = k**3 - k**2 - k. Let m(u) = c*w(u) - g(u). Give m(-6).
-5
Suppose -9*a + 83*a = -296. Let d(r) be the second derivative of -r**5/20 - 5*r**4/12 - 7*r**3/6 - 3*r**2 + r. What is d(a)?
6
Let p be 4 + -1 + 4 + (12 - 8). Let m(c) = -2*c + 4. Calculate m(p).
-18
Let r be 2*-7 - ((-35)/5 + 5). Let k = r + 7. Let a(y) = -y**2 - y - 3. Give a(k).
-23
Let x(u) = -6*u. Let q(i) = i**3 - i**2 - 2*i + 2. Let h be q(2). Suppose -3*a - h = -a. What is x(a)?
6
Let w(d) = -1. Let m(g) = -4*g**2 - 2*g + 6*g - 5*g + 8 + 3*g**2. Let o(y) = -m(y) - 4*w(y). Let k(a) = -a**3 - a**2 + 3*a + 2. Let i be k(-2). Give o(i).
-4
Let d(o) = o**2 + 8*o + 5. Let k be d(-9). Let v(g) = -g + 13. Calculate v(k).
-1
Let o(t) = t - 2. Suppose -5 = 2*p - 13. Suppose -2*i - p*i - 42 = 0. Determine o(i).
-9
Suppose 0 = -u - 2*u. Suppose u = -3*j - n - 5 - 2, -4*n = j + 17. Let r(a) = a + 3*a**2 + 4*a**2 + 8*a**2. Determine r(j).
14
Suppose 17*g - 22*g + 4*b - 68 = 0, 56 = -4*g + 4*b. Let s(q) = -q**2 - 11*q + 17. Give s(g).
5
Let c(i) = -i + 8. Let o(d) = d**3 - 8*d**2 + 8*d - 3. Let j = -84 - -91. Let b be o(j). What is c(b)?
4
Let s(k) = -k**3 - 2. Let f be ((-10)/6)/5 - (-15)/(-9). Give s(f).
6
Let c(g) = -g**2 + 5*g - 4. Let a = -22 + 27. Let z be -10 + a + 3 + 1*7. What is c(z)?
-4
Let a(i) be the third derivative of i**5/60 + i**4/6 - i**3/2 - 12*i**2 - 8*i. Calculate a(4).
29
Let h(m) be the first derivative of 2*m**4/3 + m**3/6 - m**2/2 - 14*m - 20. Let y(s) be the first derivative of h(s). Calculate y(1).
8
Let r(b) = -2*b - 1. Let x(o) = 3*o + 3. Let k be -2 - 3/((-12)/(-4)). Let i(u) = k*x(u) - 5*r(u). Calculate i(6).
2
Let t be (2 - (-3)/(-2))*-128. Let f = -70 - t. Let v(h) = h**3 + 7*h**2 + 8*h + 2. Determine v(f).
-10
Suppose -5*u + 4*x - 3 + 27 = 0, x - 3 = -u. Let b(t) = t**3 - 5*t**2 + 4*t - 1. Determine b(u).
-1
Let w(p) be the second derivative of -1/2*p**4 + 0*p**3 + 0 + 0*p**2 + 5*p. Determine w(-1).
-6
Let n = 28 - 25. Suppose 2*k = 3*h + 31, 3*h + n*k = -7 - 14. Let d(u) = -2*u - 12. Determine d(h).
6
Let o(g) = 2*g. Let p be (4/(-6))/((-48)/(-72)). Let h be ((1 - p)*3)/(-1). What is o(h)?
-12
Suppose 6 = -x + 2*w, x + 32 = 4*x + 4*w. Let r(v) = -v**3 - 4*v**2 + 1. Let p be r(-4). Let u(m) = p + 6 - 4 - m**2 + 5*m - 3*m. Determine u(x).
-5
Let q be 3/(-2 + 0 + 5). Let u(v) = 21*v - 1. What is u(q)?
20
Let b(l) = -l**2 - 9*l - 14. Let m = 81 + -87. What is b(m)?
4
Let u = -2 - -4. Let t(l) = u - 1 + 5*l + 2. Suppose 25*p = -88 + 38. What is t(p)?
-7
Let k(t) = -t**3 - 6*t**2 - t - 13. Suppose -269 = 29*r - 95. Give k(r).
-7
Let a(z) = 8*z**2 - 151*z + 16 - 159*z + z**3 - 6 + 319*z. Let j = 14 - 25. Let f(w) = w + 4. Let l be f(j). Determine a(l).
-4
Let t = -5 - 2. Let q(m) be the third derivative of -m**6/360 - m**5/15 - m**4/4 - m**3/2 + 3*m**2. Let r(u) be the first derivative of q(u). Calculate r(t).
1
Suppose -4*d = -2*v + 2, 0 = -5*d + 5*v - 0*v - 10. Let s(c) be the second derivative of -3*c**5/5 + c**4/12 - c**3/6 + c**2/2 + 16*c. Give s(d).
-11
Let g(l) = 20*l**2 + 10*l + 8. Let d(m) = -6*m - 6. Let z be d(-2). Let v(f) = 7*f**2 + 3*f + 3. Let p(o) = z*g(o) - 17*v(o). Give p(-7).
-17
Let y(j) = -2*j**2 + 3*j**2 + 10 - 2 + j. Let n(v) = -v**2 + v. Let a be n(1). What is y(a)?
8
Suppose 0 = -4*s - 5*f, -2*s = 2*s - 2*f - 28. Let k(y) = -s + 0*y**3 + y**3 + 176*y - 5*y**2 - 174*y. What is k(5)?
5
Let x(s) = 7*s**3 + 13*s**2 + 3*s - 5. Let c(v) = 9*v**3 + 15*v**2 + 2*v - 4. Let w(l) = -4*c(l) + 5*x(l). Give w(6).
-3
Let y(p) = 10*p - 6 + 0 + 5 - p. Let g be y(1). Let m(j) = -j**2 + 8*j + 4. Calculate m(g).
4
Let n be 2/8 + 27/(-12). Let g be n - 1 - (-3 + -3). Let k(q) = -11*q - 2. Let s(t) = 6*t + 1. Let h(w) = -3*k(w) - 5*s(w). What is h(g)?
10
Suppose 6*f = f - 40. Let s be (-3 + 9/2)/(6/f). Let k(y) = 2*y**2 - 1. Give k(s).
7
Let g(b) = -18*b**3 + 2*b**2 - 1. Suppose 36*z + 29 = 7*z. Calculate g(z).
19
Suppose 19*b = 147 + 347. Suppose -2*d + 3*n + b = 0, 0 = -2*n - 3*n - 20. Let y(i) = i**3 - 7*i**2 - 5*i + 9. Give y(d).
-26
Let d(f) be the third derivative of -f**4/24 + 17*f**3/3 - 670*f**2. What is d(14)?
20
Let g = 251 - 240. Let k(b) = -b**2 + 11*b - 2. What is k(g)?
-2
Let z(q) = 15*q + 83. Let w be z(-6). Let l be 4/6*3 - -1. Let i(t) = 2 - 2*t + 9*t + l + t**2. What is i(w)?
5
Let t be (-16)/(-4) - (3 - 5). Let r be 8*5/(-10) + t. Let q be 7/(-14) - 1/r. Let a(z) = 3*z**3 + z**2 + 2*z + 1. Calculate a(q).
-3
Let n be 36/8*(-4)/(-6). Let r = 1 + 2. Let h(s) = -2*s + n - r*s - s + 5*s. Determine h(-3).
6
Let p(h) = h**2 + 6*h - 8. Let s be p(-8). Let o = -8 + s. Suppose o = -g + 6*g - 5. Let l(q) = -q**3 + 2*q**2 - q + 1. Give l(g).
1
Let u(x) = -3*x**2 - 5*x**2 + 4*x**2 + 3*x + x**3. Suppose -36 = -0*h - 3*h. Let q be (0 + -2)/((-6)/h). Determine u(q).
12
Let q(z) be the third derivative of -z**4/8 + 2*z**3/3 + 10*z**2. Let h be q(2). Let x(k) = -k**2 - 4*k - 2. Give x(h).
2
Let t be 1/((-2)/2)*1. Let h(f) be the first derivative of 7*f**4/2 + 2*f**3/3 + f**2 + f + 1270. Determine h(t).
-13
Let m(u) = -13*u - 11 + u**3 - 10*u + 24*u - 8*u**2. Let w be m(8). Let o(g) be the second derivative of g**4/6 + g**3/2 + 2*g**2 + g. Calculate o(w).
13
Suppose -x + 4*x - 6 = 0. Let o = x - -8. Suppose o = i - 3*i. Let u(f) = -f**3 - 5*f**2 + f + 3. What is u(i)?
-2
Let k(s) = s**3 - 14*s**2 - 14*s - 5. Let b be (-20032)/(-1344) - 4/(-42). Give k(b).
10
Let h(v) = 5*v + 1. Let l(s) = -s**3 + s + 3. Let q be l(0). Suppose f = q*f - 12. Let d be (f/(-18))/((-1)/3). Calculate h(d).
6
Let m(z) = 10*z + 7. Let t be (-380)/(-140) - (-2)/7. Give m(t).
37
Let k(s) = -4*s**2 + s - 2. Let i = 288 - 290. Calculate k(i).
-20
Let w(t) be the first derivative of -t**4/4 + 2*t**3 - t**2/2 + 4*t - 103. Determine w(6).
-2
Let u(j) be the first derivative of -7 + 11*j - 7/2*j**2 - 1/6*j**3. Let m(r) be the first derivative of u(r). What is m(-5)?
-2
Let a(v) be the first derivative of -v**2/2 - 5*v + 1. Let y(p) = 3*p**3 - 221*p**2 + 139*p + 511. Let t be y(73). Give a(t).
-5
Let v(m) be the third derivative of -m**5/60 - m**4/8 + 2*m**3/3 